-13) composite?
True
Suppose -2*i - 23 = -0*p + p, -37 = 3*i + 4*p. Let c be (0 - -2)*(6 + i + 2298). Suppose 4*t - c = 682. Is t a prime number?
False
Suppose 0 = 3*x - 34 - 23. Suppose 2*u + 1 = x. Suppose -u*m + 2249 = 584. Is m prime?
False
Suppose -107*k = -5*s - 102*k + 6035, 2*k - 2418 = -2*s. Suppose v = -3, -3*x + 5*v - v + 2685 = 0. Let t = x + s. Is t composite?
False
Suppose 17*p - 472945 = 20225. Suppose z = 11*z - p. Is z a prime number?
False
Let z be 33 - (4 + (-16)/2). Let c = z - -8. Is ((-6)/(-4))/(c/8220) prime?
False
Let j(t) = 1186*t**2 - 24*t + 33. Is j(13) composite?
True
Let c(q) = 742*q**3 - 23*q**2 - 59*q + 5. Is c(7) composite?
False
Let z = -4427 + 18571. Suppose z = -18*g + 49586. Is g a composite number?
True
Is 2/(-9) + (-7)/((-252)/742220) a composite number?
True
Let q = 131999 + -76560. Is q composite?
False
Is (-48)/(-16) - (-5)/((-15)/(-2742)) a composite number?
True
Is ((-20)/28 + (-1184)/(-560))*1932605 composite?
True
Let r(n) = 4289*n**3 - 4*n**2 + 17*n - 16. Is r(3) a prime number?
False
Let m = 6504 + -2892. Let r = m - 2015. Is r a prime number?
True
Let b(w) = 36601*w + 2953. Is b(10) prime?
False
Is (-17)/(-2*(-19)/(-235486)) a prime number?
False
Let q = 2 - -1. Suppose 0 = -3*s - 6 + q. Is (2849/(-14))/(0 + s/2) a composite number?
True
Suppose 9*k - 15 = 3. Suppose -3*t + 3*j = 2*t - 6, j = -5*t - k. Suppose 33*y - 35*y + 98 = t. Is y prime?
False
Is -2 - -12 - 4 - (26 - 89521) a prime number?
True
Let f be 41/(((-7)/(-9))/(-7)). Let z = f + 193. Let v = 263 + z. Is v composite?
True
Let m = 48445 - 32412. Is m composite?
False
Suppose -t = 2, 5*c - 2*t = -156316 - 22040. Let b = c - -52573. Is b composite?
False
Let g = 20930 + 56593. Is g a composite number?
True
Let y(r) = 8*r**2 + 31*r + 32. Let a be y(14). Let u = 3445 - a. Is u prime?
False
Let q(u) = 268 - 118 - 123 + 35*u. Is q(12) a composite number?
True
Let o(s) = -s**3 - 5*s**2 + 2. Let t be o(-5). Let a be (-1803)/(-4) + 15*(1859/(-156) + 12). Is (11/t)/(2/a) a prime number?
False
Let m(b) = 292*b**2 - 100*b + 7. Is m(-14) prime?
False
Let m(h) = 517*h**2 + 21*h + 101. Is m(6) a composite number?
False
Suppose 18*z - 2816095 - 1913872 + 989765 = 0. Is z a prime number?
False
Let l(k) = -k + 1. Let m be l(9). Is (-4)/m*10866/(6/2) a composite number?
False
Suppose 13*l + 69*l - 23*l = 1417829. Is l prime?
False
Let b(s) = 17*s - 30. Let j = 0 - -11. Is b(j) prime?
True
Suppose -14 = -2*h, n - 4*h + h = 92564. Is n a prime number?
False
Let m(g) = 2467*g**2 + 86*g + 94. Is m(15) prime?
True
Let u be (-3)/((-9)/24152) + 36/(-54). Suppose 4*s + u = -1942. Let m = -1491 - s. Is m a prime number?
False
Suppose -7*t - 6442 = 3344. Suppose -5*u + 10*u - 3 = 3*n, 2*u = -5*n - 36. Is t/9*9/n composite?
False
Let q = 541 + -535. Let l(p) = 11*p**3 + 7*p**2 + 29. Is l(q) composite?
False
Let q(l) = -13 + 349*l - 2 + 34. Let b be q(10). Let o = b + -1687. Is o a prime number?
False
Suppose -14*p - 202555 - 18776 = -3953017. Is p prime?
True
Let n(r) = 848*r**2 - 28*r + 25. Let d be n(-15). Is ((-9)/(-15))/(23/d) prime?
False
Let w = 2215 + 256. Let t = 4322 - w. Is t composite?
True
Let l(i) = 17*i**2 - 2*i - 1. Let y be l(-1). Suppose 7*u + y = -52. Is (-898)/u + 1 - 5/(-25) composite?
True
Let s(o) = 128*o - 83. Let a(r) = 128*r - 83. Let k(f) = -4*a(f) + 3*s(f). Is k(-10) a composite number?
True
Suppose 2*o - 114045 = -3*z, -z - 88*o + 83*o = -38028. Is z a prime number?
False
Let u(i) = -i**3 - i**2 + 5. Let t be u(-2). Let y(o) = 4*o**2 - 25*o + 2. Let a(q) = 5*q**2 - 24*q + 2. Let c(h) = 3*a(h) - 4*y(h). Is c(t) prime?
False
Suppose 7*h + 18 = 340. Let r be h/(-115) + (-3)/((-15)/5297). Suppose -4*w - 27 = -2*f + r, 0 = -f + 4*w + 545. Is f a prime number?
True
Suppose 0 = -5*o - 3*n + 6965, 4*o - n - 4193 = o. Let u(v) = v**2 + 8*v - 63. Let w be u(-13). Suppose -114 = w*q - o. Is q a prime number?
True
Is ((-121318)/4)/(161/(-1610)) a composite number?
True
Let b(j) = -j**3 - 8*j**2 - j + 4. Let k be b(-8). Let z be (-18)/k*(-3308)/6. Let p = z + 212. Is p a prime number?
True
Is 1268/12*6*(-2 + (-870)/(-4)) composite?
True
Let x(q) = 45*q**2 + 46*q + 22. Let l(y) = -y**3 - 179*y**2 - 184*y - 90. Let j(c) = -2*l(c) - 9*x(c). Is j(25) a composite number?
True
Let q(p) = 15*p - 16. Let x(j) be the second derivative of -31*j**3/6 + 31*j**2/2 - 7*j. Let l(s) = 5*q(s) + 3*x(s). Is l(-3) a prime number?
True
Let f(d) = -2*d**2 - 16*d. Let a be f(-6). Let r(y) = -y**3 + 23*y**2 + 27*y - 10. Is r(a) composite?
True
Let i(r) = -21075*r + 178. Is i(-7) a prime number?
True
Let l(u) = -6559*u - 2425. Is l(-8) a composite number?
False
Suppose -5*y + 25 = 0, -362862 = -2*h + 4*y - 93604. Is h composite?
False
Suppose 6*n = 4*p + 2*n - 4, -2*n = 10. Let o be ((-2)/2)/(((-12)/(-3))/p). Is o*4684/12*6 a prime number?
False
Let n = 26199 + 120520. Is n composite?
False
Suppose -6*r + 4*r = -10. Suppose 289 = r*w - 16. Let q = w + 22. Is q composite?
False
Let j(z) be the first derivative of -z**3/3 - 6*z**2 + 13*z - 26. Let i be j(-13). Suppose i = -6*k + 12008 + 12754. Is k composite?
False
Suppose 3195 = 3*m - 5*n, m - n = -3*n + 1076. Suppose 0 = 15*y - 7*y - 4056. Let t = m + y. Is t a prime number?
False
Let w(a) = 104*a**2 - 128*a + 3295. Is w(21) composite?
False
Suppose -11*o = -22*o - 33. Is (1 - o/(-15))/(8/56740) a composite number?
True
Let g be ((-77)/(-44))/((-1)/(-4)). Suppose -g*z + 5 + 9 = 0. Let l(t) = 28*t**2 - t + 1. Is l(z) prime?
False
Let u = 7 + -13. Let x be -2*u/3 - 2. Suppose -2*r - h = -0*h - 462, -x*r + 458 = 2*h. Is r composite?
False
Is 4/(-6) + 1277855/12 + (-99)/396 composite?
False
Let o(x) = 33*x + 3 + 40*x + 13*x. Let p be o(1). Suppose 12*i - 13*i + p = 0. Is i a prime number?
True
Let c = 3043 - 1845. Suppose 0 = 5*o - 149 - 316. Let n = c + o. Is n a composite number?
False
Let r be (-14)/(-3) + (-27)/(-81). Suppose -5*s = -3*q - 2507, 2*q = r*s + 640 - 3148. Is s composite?
True
Let a = 45 - 18. Suppose -4*u + u = -a. Is 8/12 - (-867)/u composite?
False
Let g(x) = x**3 - 7*x**2 + 5*x + 14. Let z(h) = 7*h**2 + 3*h - 4. Let a be z(1). Let d be g(a). Is -3*(-4)/(-48) - (-25242)/d a prime number?
False
Let z(g) = 3*g**3 + 6*g**2 + 38*g + 48. Is z(19) prime?
False
Suppose 3*c = -2*x + 880, -2*x - 884 = -3*c - 3*x. Is 932141/c + 1/(-8) prime?
False
Suppose -3*r + 3*y + 21 = 0, -3*r - y + 46 - 5 = 0. Suppose -5*z + 8 = -r. Suppose -z*m = -3*x + 215 + 564, -x = -4*m - 273. Is x composite?
True
Suppose -15*o = -21*o + 390. Suppose 67*s - 11162 = o*s. Is s a prime number?
True
Let j(q) = -q**3 + 16*q**2 - 13*q - 28. Let i be j(15). Suppose -2*h + i*a = 140560, -3*a + 7 - 4 = 0. Is (-1)/(-3) + -1 - h/33 a composite number?
False
Suppose 31*g - 30*g + 4*p = 37451, -3*g + 112314 = -p. Is g a composite number?
True
Let g(o) = 83973*o**2 - 122*o - 15. Is g(-2) prime?
True
Suppose 185*x = 181*x + 77164. Is x a prime number?
False
Suppose 2*p - 434469 = g + 1083165, -4*g - 3794079 = -5*p. Is p a prime number?
True
Let r(i) be the third derivative of 17*i**5/30 + i**4/8 - i**3 + i**2 + 2. Is r(13) a prime number?
True
Let k(a) = -2*a**3 - 4*a - 13. Suppose 5*r = 4*r + 2. Suppose 11 = r*p + 29. Is k(p) a prime number?
True
Suppose -77*z + 43*z + 884 = 0. Suppose 3 = -j + 4*j. Is 2067/z + j/2 + -1 composite?
False
Let i(j) be the first derivative of 77*j**3/3 - 7*j**2/2 + 7*j + 11. Is i(2) prime?
False
Suppose 5*n - 3*t = t + 86, -3*n - 2*t = -34. Is (-9)/189*-6 + 61162/n prime?
False
Suppose -2899103 + 334949 = -18*l. Is l a prime number?
True
Suppose -8*b = -11*m - 6*b + 1737995, -m + 3*b + 158008 = 0. Is m composite?
False
Suppose -4*n = 4*d + 12, -36 = 4*d - 5*n + 21. Let m(f) = 8 - 87*f - 15 - 1 - 15. Is m(d) a prime number?
True
Suppose -f + 4*b - 2667 + 15074 = 0, b = -f + 12387. Is f prime?
True
Suppose 7*w + 110 = 61. Is 32/112 - 9805/w composite?
True
Is (-288 + 29697)/(2 - 1) composite?
True
Let i be (-87)/(-203) + 195616/14. Let j = -4336 + i. Is j prime?
False
Suppose -2*r + 2032*m + 956310 = 2034*m, -5*r = 3*m - 2390779. Is r a prime number?
True
Let l(f) = -517*f**2 + 31*f - 26. Let m(p) = 172*p**2 - 10*p + 9. Let j(s) = 2*l(s) + 7*m(s). Is j(7) a prime number?
False
Let b(r) = 127*r + 74. Let j be b(2). Suppose